2
Let j(o) = -5*o**3 - 1424*o**2 + 289*o + 1017. Calculate j(-285).
-123
Let v(h) = 2*h**3 + 78*h**2 + 328*h + 20167. Give v(-41).
-5
Let l(o) = 2634*o - 165533. What is l(63)?
409
Let y(q) = 6415*q - 603129. What is y(94)?
-119
Let y(t) = 1784*t - 14640. Calculate y(8).
-368
Let u(c) = 18213*c - 327796. What is u(18)?
38
Let c(u) = 14*u**2 - 399*u + 1967. Give c(5).
322
Let b(u) = -u**3 + 100*u**2 + 2510*u - 258289. Determine b(99).
2
Let j(b) = b**3 - 34*b**2 - 25*b + 103. What is j(35)?
453
Let i(s) = -3*s**2 - 2479*s - 297973. Determine i(-146).
13
Let o(x) = 3*x**3 + 461*x**2 + 2223*x + 85948. Give o(-150).
-2
Let w(k) = k**2 - 187818*k + 1314663. Determine w(7).
-14
Let y(a) = -40*a**2 + 7761*a - 69. Determine y(194).
125
Let x(g) = -7*g**2 + 107*g + 16091. Determine x(-41).
-63
Let m(j) = -j**3 - 30*j**2 - 1889*j - 65556. Calculate m(-33).
48
Let z(n) = -n**3 + 15*n**2 + 13*n - 364. Give z(13).
143
Let d(s) = s**2 - 333*s - 15816. Calculate d(-42).
-66
Let a(n) = n**3 + 22*n**2 - 561*n - 4048. Calculate a(-7).
614
Let l(c) = c**3 + c**2 + 26772*c + 80324. Give l(-3).
-10
Let m(f) = 535*f - 10027. Give m(17).
-932
Let q(n) = -n**3 - 420*n**2 - 2110*n - 14528. Determine q(-415).
-3
Let k(b) = 9*b**2 - 575*b + 3950. Determine k(56).
-26
Let f(w) = 70*w**2 - 56498*w + 6451. What is f(807)?
-5
Let f(a) = 18*a**2 - 2794*a + 40106. Determine f(16).
10
Let d(f) = 41121*f + 2014931. What is d(-49)?
2
Let o(s) = 6905*s + 821675. Give o(-119).
-20
Let i(o) = 2*o**3 + 907*o**2 + 474*o + 9260. What is i(-453)?
-253
Let x(k) = -k**2 - 190*k + 18078. What is x(68)?
534
Let h(k) = -78480*k + 1177185. Determine h(15).
-15
Let x(l) = 252*l + 13795. What is x(-51)?
943
Let f(x) = x**2 + 206*x + 7075. Calculate f(-44).
-53
Let j(u) = 11718*u - 105577. Calculate j(9).
-115
Let b(m) = -3*m**2 + 166*m - 2070. Give b(27).
225
Let g(b) = -896*b**2 + 120958*b + 261. Calculate g(135).
-9
Let d(c) = 9*c**2 + 2860*c + 11357. Calculate d(-4).
61
Let g(f) = -1192*f + 27365. What is g(23)?
-51
Let s(a) = -31*a**2 + 1555*a - 94. What is s(50)?
156
Let c(o) = -1269*o - 46. Determine c(-1).
1223
Let a(v) = 442*v**3 - 30*v - 30. Give a(-1).
-442
Let g(m) = 2*m**2 + 8622*m + 43101. Calculate g(-5).
41
Let g(a) = -a**3 - 4*a**2 + 25*a - 565. Calculate g(-10).
-215
Let g(d) = 1019*d + 709234. Calculate g(-696).
10
Let r(m) = -3351*m + 167497. Calculate r(50).
-53
Let n(g) = 3*g**3 - 638*g**2 - 222*g + 1931. Determine n(213).
14
Let x(t) = -17*t**2 + 236*t + 1672. Give x(-7).
-813
Let u(n) = -3*n**2 + 18820*n - 169279. Calculate u(9).
-142
Let v(o) = o**2 - 345*o - 7569. Give v(-20).
-269
Let k(i) = i**3 + 9*i**2 - 90*i - 626. Give k(-7).
102
Let t(y) = -139*y - 21473. Determine t(-144).
-1457
Let k(c) = -c**3 - 92*c**2 + 962*c - 669. What is k(-101)?
-6022
Let x(k) = -2*k**3 + k**2 + 3*k + 77. Give x(7).
-539
Let z(q) = -26281*q + 78800. Determine z(3).
-43
Let c(j) = j**3 - 103*j**2 - 2084*j + 5391. Determine c(120).
111
Let c(p) = -15864*p - 15288. What is c(-1)?
576
Let h(f) = 356*f**2 - 384*f - 29. Determine h(-1).
711
Let h(b) = 3931*b - 31486. Calculate h(8).
-38
Let v(j) = -1425*j - 72646. What is v(-51)?
29
Let c(y) = -2559*y - 2746. Determine c(-1).
-187
Let o(m) = -147*m**2 + 8659*m + 28182. Determine o(62).
-28
Let g(r) = -5770*r - 1286745. Calculate g(-223).
-35
Let b(s) = 2*s**2 - 460*s - 7563. Calculate b(245).
-213
Let f(j) = 2*j**2 + 54*j - 667. Give f(-15).
-1027
Let d(f) = -71*f**2 + 968*f + 6831. Calculate d(-7).
-3424
Let z(r) = -1062*r - 312230. Calculate z(-294).
-2
Let f(a) = a**3 - 94*a**2 + 1184*a - 33. What is f(15)?
-48
Let h(w) = 5*w**3 + 245*w**2 + 476*w + 44. Determine h(-47).
-238
Let g(y) = -4*y**3 - 1002*y**2 - 501*y + 1528. Give g(-250).
1778
Let j(g) = 683*g + 25121. Calculate j(-34).
1899
Let v(r) = 30735*r - 184234. What is v(6)?
176
Let x(p) = p**3 + 1309*p**2 - 5234*p - 58. What is x(4)?
14
Let t(o) = 4712*o + 108381. Determine t(-23).
5
Let m(f) = 29256*f + 175516. Give m(-6).
-20
Let k(z) = -4231*z - 121872. Give k(-29).
827
Let b(k) = -107*k**3 + 28*k**2 - 52*k + 107. Give b(2).
-741
Let q(w) = 30*w**3 + 1396*w**2 - 664*w - 146. Give q(-47).
136
Let v(o) = -o**3 + 62*o**2 + 610*o + 7895. Determine v(72).
-25
Let s(b) = -2*b**2 - 262*b - 918. Give s(-126).
342
Let u(o) = -33*o**2 - 648*o + 82. Give u(-20).
-158
Let o(t) = -8013*t + 64111. Give o(8).
7
Let b(o) = -o**2 - 140980*o + 1409902. Calculate b(10).
2
Let o(i) = -1373*i - 275991. What is o(-201)?
-18
Let g(l) = -l**3 + 260*l**2 - 195*l - 16582. Give g(259).
-6
Let r(p) = -p**2 + 1096*p + 79144. Determine r(-68).
-8
Let u(l) = 139507*l - 4185213. Give u(30).
-3
Let y(p) = p**3 + 169*p**2 + 2316*p + 331. Give y(-154).
-593
Let z(u) = 2*u**2 + 440*u + 18669. Calculate z(-158).
-923
Let j(v) = v**2 - 7094*v + 1618433. Give j(236).
-55
Let z(u) = -108*u**3 + u**2 - 389*u - 389. Calculate z(-1).
109
Let b(f) = f**3 + 15*f**2 + 1467*f + 16089. Give b(-11).
436
Let p(q) = 3*q**2 + 314*q - 736. Give p(-105).
-631
Let a(m) = m**2 + 1026*m - 127. Calculate a(0).
-127
Let h(w) = 877*w**2 - 16*w. Calculate h(0).
0
Let f(m) = -825*m**3 - 7*m**2 + m. Give f(-1).
817
Let v(o) = -8*o**2 - 70*o + 1140. What is v(-13)?
698
Let z(p) = -86*p**2 + 56*p + 121. What is z(-2)?
-335
Let c(w) = -14*w**2 + 1376*w - 11553. Determine c(89).
17
Let d(n) = -n**3 + 59*n**2 - 597*n + 1498. What is d(47)?
-53
Let j(y) = 2*y**3 + 55*y**2 - 177*y - 4272. Calculate j(-28).
-100
Let p(b) = 59003*b - 236002. Determine p(4).
10
Let q(s) = -9263*s - 27194. Give q(-3).
595
Let a(t) = 82890*t**2 + 1574908*t - 35. Calculate a(-19).
3
Let g(v) = 7*v**3 + 91*v**2 + 196*v + 134. Determine g(-10).
274
Let s(y) = 1067*y - 123974. Calculate s(116).
-202
Let u(d) = 4*d**3 + 383*d**2 + 7738*d - 141. Calculate u(-29).
4
Let y(j) = 2*j**2 - 11*j - 11628. Give y(-89).
5193
Let v(a) = -4*a**2 + 2480*a + 4978. Determine v(-2).
2
Let n(j) = -j**2 + 44*j + 4605. What is n(92)?
189
Let f(p) = 217908*p - 2832765. Give f(13).
39
Let k(i) = -41*i**2 - 6143*i - 82931. Calculate k(-15).
-11
Let o(d) = 62469*d - 10682190. Calculate o(171).
9
Let l(y) = 4*y**3 - 99*y**2 + 661*y - 64. Calculate l(7).
1084
Let l(k) = 291*k**2 - 3582*k + 10. Give l(12).
-1070
Let r(y) = 323*y + 11616. What is r(-35)?
311
Let l(o) = o**3 + 22*o**2 + 137*o + 2066. Give l(-20).
126
Let d(q) = q**3 - 81*q**2 - 24*q - 4565. Calculate d(82).
191
Let m(k) = -4*k**2 - 777*k - 2199. What is m(-189)?
1770
Let m(n) = -133*n**2 + 5455*n - 148. What is m(41)?
-66
Let m(f) = 2*f**3 - 370*f**2 + 2044*f - 4. Calculate m(6).
-628
Let x(f) = 9*f + 289. Calculate x(22).
487
Let f(l) = 5*l**3 + 7*l**2 - 382*l + 2551. Determine f(6).
1591
Let r(g) = -g**3 - 62*g**2 - 112*g + 12591. Determine r(-56).
47
Let j(v) = v**2 - 310*v + 17554. Give j(235).
-71
Let w(s) = 2*s**3 + 16*s**2 - 1748*s - 552. Give w(26).
-32
Let p(h) = -5*h**3 + 152*h**2 - 22*h - 1157. What is p(30)?
-17
Let h(d) = 8403*d - 420047. Give h(50).
103
Let r(n) = n**3 + 6*n**2 + 1243*n + 4984. Calculate r(-4).
44
Let x(f) = -f**3 + 71*f**2 + 44*f - 2955. What is x(71)?
169
Let x(z) = -441*z**2 + 344870*z - 6261. Calculate x(782).
-5
Let j(i) = 6*i**2 + 9234*i + 36930. Determine j(-4).
90
Let i(u) = -159*u**2 - 3162*u + 3728. What is i(-21)?
11
Let d(t) = -34*t**2 + 748*t - 4103. What is d(10)?
-23
Let p(v) = -3353*v - 20062. What is p(-6)?
56
Let j(n) = -526*n - 48764. Determine j(-94).
680
Let n(g) = -49127*g + 933442. Calculate n(19).
29
Let b(i) = 269*i**2 - 36589*i + 903. Give b(136).
223
Let z(w) = w**3 + 21*w**2 + 40*w - 68. Calculate z(10).
3432
Let o(p) = 2*p**3 - 136*p**2 + 311*p - 11849. Determine o(67).
10
Let a(v) = -v**3 - 49*v**2 + 264*v - 227. Determine a(-54).
97
Let q(d) = 6*d**2 + 141*d + 1540. Calculate q(-13).
721
Let q(o) = -17197*o + 120398. Determine q(7).
19
Let y(z) = -73*z**2 - 23127*z + 4464. Give y(-317).
26
Let v(a) = 50105*a - 150300. Determine v(3).
15
Let g(m) = 10*m**2 + 286*m + 1879. What is g(-16)?
-137
Let i(t) = -t**3 - 6*t**2 + 415*t + 440. Calculate i(-23).
-112
Let c(k) = 24920*k - 1. Calculate c(0).
-1
Let n(k) = 81272*k + 12353348. Give n(-152).
4
Let k(n) = -63*n**3 - 697*n**2 - 492*n - 4932. Calculate k(-11).
-4
Let a(i) = -2471171*i - 14827031. Determine a(-6).
-5
Let y(p